{"id":21,"date":"2025-09-29T18:25:47","date_gmt":"2025-09-29T16:25:47","guid":{"rendered":"https:\/\/seleneviajesybuceo.com\/?page_id=21"},"modified":"2025-09-30T18:58:59","modified_gmt":"2025-09-30T16:58:59","slug":"inicio","status":"publish","type":"page","link":"https:\/\/seleneviajesybuceo.com\/?page_id=21","title":{"rendered":"Inicio"},"content":{"rendered":"\t\t<div data-elementor-type=\"wp-page\" data-elementor-id=\"21\" class=\"elementor elementor-21\">\n\t\t\t\t<div class=\"elementor-element elementor-element-79a51076 e-flex e-con-boxed e-con e-parent\" data-id=\"79a51076\" data-element_type=\"container\" data-e-type=\"container\" data-settings=\"{&quot;background_background&quot;:&quot;classic&quot;}\">\n\t\t\t\t\t<div class=\"e-con-inner\">\n\t\t\t\t<div class=\"elementor-element elementor-element-7ebc7cd7 elementor-widget elementor-widget-text-editor\" data-id=\"7ebc7cd7\" data-element_type=\"widget\" data-e-type=\"widget\" data-widget_type=\"text-editor.default\">\n\t\t\t\t\t\t\t\t\t<div class=\"wp-block-cover alignfull is-light\" style=\"min-height: 720px;\">\n<ul>\n<li><img decoding=\"async\" class=\"wp-image-29 alignleft\" src=\"https:\/\/seleneviajesybuceo.com\/wp-content\/uploads\/2025\/09\/cropped-logo-8-293x300.png\" alt=\"\" width=\"197\" height=\"202\" srcset=\"https:\/\/seleneviajesybuceo.com\/wp-content\/uploads\/2025\/09\/cropped-logo-8-293x300.png 293w, https:\/\/seleneviajesybuceo.com\/wp-content\/uploads\/2025\/09\/cropped-logo-8-768x787.png 768w, https:\/\/seleneviajesybuceo.com\/wp-content\/uploads\/2025\/09\/cropped-logo-8.png 913w\" sizes=\"(max-width: 197px) 100vw, 197px\" \/><\/li>\n<\/ul>\n<div class=\"wp-block-cover__inner-container\">\n<p><\/p>\n<div class=\"inherit-container-width wp-block-group alignwide is-layout-constrained wp-block-group-is-layout-constrained\">\n<p><\/p>\n<div class=\"wp-block-media-text alignwide has-media-on-the-right is-stacked-on-mobile is-vertically-aligned-center\" style=\"grid-template-columns: auto 43%;\">\n<div class=\"wp-block-media-text__content\">\n<p><\/p>\n<h1 class=\"wp-block-heading has-text-align-left has-white-color has-text-color\">Selene Viajes &amp; Buceo<\/h1>\n<p><\/p>\n<p class=\"has-white-color has-text-color\">Explora la magia de las Islas del Rosario<\/p>\n<p>Vive pasad\u00edas \u00fanicos en Isla Grande, aventuras de buceo y experiencias dise\u00f1adas para conectar con el mar.<\/p>\n<p><\/p>\n<div class=\"wp-block-buttons is-layout-flex wp-block-buttons-is-layout-flex\">\n<p><\/p>\n<\/div>\n<p><\/p>\n<\/div>\n<figure class=\"wp-block-media-text__media\"><img decoding=\"async\" class=\"wp-image-118 size-full\" src=\"https:\/\/seleneviajesybuceo.com\/wp-content\/themes\/astra\/inc\/assets\/images\/starter-content\/hero-img.svg\" alt=\"\"><\/figure>\n<\/div>\n<p><\/p>\n<\/div>\n<p><\/p>\n<\/div>\n<\/div>\n<p><!-- \/wp:cover --><!-- wp:group {\"align\":\"full\",\"style\":{\"spacing\":{\"padding\":{\"bottom\":\"0px\"}}},\"backgroundColor\":\"ast-global-color-5\",\"layout\":{\"inherit\":false,\"contentSize\":\"1200px\",\"type\":\"constrained\"}} --><\/p>\n<div class=\"wp-block-group alignfull has-ast-global-color-5-background-color has-background\" style=\"padding-bottom: 0px;\">\n<p><!-- wp:columns {\"verticalAlignment\":\"top\",\"style\":{\"spacing\":{\"blockGap\":\"40px\"}}} --><\/p>\n<div class=\"wp-block-columns are-vertically-aligned-top\">\n<p><!-- wp:column {\"verticalAlignment\":\"top\",\"style\":{\"spacing\":{\"blockGap\":\"8px\"}}} --><\/p>\n<div class=\"wp-block-column is-vertically-aligned-top\">\n<p><!-- wp:image {\"id\":134,\"sizeSlug\":\"large\",\"linkDestination\":\"none\"} --><\/p>\n<figure class=\"wp-block-image size-large\"><img decoding=\"async\" class=\"wp-image-134\" src=\"https:\/\/seleneviajesybuceo.com\/wp-content\/themes\/astra\/inc\/assets\/images\/starter-content\/building.svg\" alt=\"\"><\/figure>\n<p><!-- \/wp:image --><!-- wp:heading {\"textAlign\":\"left\",\"level\":3,\"style\":{\"spacing\":{\"margin\":{\"top\":\"16px\"}}}} --><\/p>\n<h3 class=\"wp-block-heading has-text-align-left\" style=\"margin-top: 16px;\">Pasadias en Isla Grande<\/h3>\n<p><!-- \/wp:heading --><!-- wp:paragraph {\"align\":\"left\"} --><\/p>\n<p class=\"has-text-align-left\">Disfruta playas de ensue\u00f1o y un dia lleno de mar y sol.<\/p>\n<p><!-- \/wp:paragraph --><\/p>\n<\/div>\n<p><!-- \/wp:column --><!-- wp:column {\"verticalAlignment\":\"top\",\"style\":{\"spacing\":{\"blockGap\":\"8px\"}}} --><\/p>\n<div class=\"wp-block-column is-vertically-aligned-top\">\n<p><!-- wp:image {\"id\":135,\"sizeSlug\":\"large\",\"linkDestination\":\"none\"} --><\/p>\n<figure class=\"wp-block-image size-large\"><img decoding=\"async\" class=\"wp-image-135\" src=\"https:\/\/seleneviajesybuceo.com\/wp-content\/themes\/astra\/inc\/assets\/images\/starter-content\/shopping-bag.svg\" alt=\"\"><\/figure>\n<p><!-- \/wp:image --><!-- wp:heading {\"textAlign\":\"left\",\"level\":3,\"style\":{\"spacing\":{\"margin\":{\"top\":\"16px\"}}}} --><\/p>\n<h3 class=\"wp-block-heading has-text-align-left\" style=\"margin-top: 16px;\">Buceo y Bautizos submarinos<\/h3>\n<p><!-- \/wp:heading --><!-- wp:paragraph {\"align\":\"left\"} --><\/p>\n<p class=\"has-text-align-left\">Sumergete en arrecifes y vive una experiencia inolvidable bajo el mar.<\/p>\n<p><!-- \/wp:paragraph --><\/p>\n<\/div>\n<p><!-- \/wp:column --><!-- wp:column {\"verticalAlignment\":\"top\",\"style\":{\"spacing\":{\"blockGap\":\"8px\"}}} --><\/p>\n<div class=\"wp-block-column is-vertically-aligned-top\">\n<p><!-- wp:image {\"id\":136,\"sizeSlug\":\"large\",\"linkDestination\":\"none\"} --><\/p>\n<figure class=\"wp-block-image size-large\"><img decoding=\"async\" class=\"wp-image-136\" src=\"https:\/\/seleneviajesybuceo.com\/wp-content\/themes\/astra\/inc\/assets\/images\/starter-content\/blog.svg\" alt=\"\"><\/figure>\n<p><!-- \/wp:image --><!-- wp:heading {\"textAlign\":\"left\",\"level\":3,\"style\":{\"spacing\":{\"margin\":{\"top\":\"16px\"}}}} --><\/p>\n<h3 class=\"wp-block-heading has-text-align-left\" style=\"margin-top: 16px;\">Tour y transporte en lancha<\/h3>\n<p><!-- \/wp:heading --><!-- wp:paragraph {\"align\":\"left\"} --><\/p>\n<p class=\"has-text-align-left\">Explora las Islas del Rosario con seguridad y diversion.<\/p>\n<p><!-- \/wp:paragraph --><\/p>\n<\/div>\n<p><!-- \/wp:column --><!-- wp:column {\"verticalAlignment\":\"top\",\"style\":{\"spacing\":{\"blockGap\":\"8px\"}}} --><\/p>\n<div class=\"wp-block-column is-vertically-aligned-top\">\n<p><!-- wp:image {\"id\":137,\"sizeSlug\":\"large\",\"linkDestination\":\"none\"} --><\/p>\n<figure class=\"wp-block-image size-large\"><img decoding=\"async\" class=\"wp-image-137\" src=\"https:\/\/seleneviajesybuceo.com\/wp-content\/themes\/astra\/inc\/assets\/images\/starter-content\/portfolio.svg\" alt=\"\"><\/figure>\n<p><!-- \/wp:image --><!-- wp:heading {\"textAlign\":\"left\",\"level\":3,\"style\":{\"spacing\":{\"margin\":{\"top\":\"16px\"}}}} --><\/p>\n<h3 class=\"wp-block-heading has-text-align-left\" style=\"margin-top: 16px;\">Experiencias exclusivas<\/h3>\n<p><!-- \/wp:heading --><!-- wp:paragraph {\"align\":\"left\"} --><\/p>\n<p class=\"has-text-align-left\">Atardeceres, snorkel y planes personalizados solo para ti.<\/p>\n<p><!-- \/wp:paragraph --><\/p>\n<\/div>\n<p><!-- \/wp:column --><\/p>\n<\/div>\n<p><!-- \/wp:columns --><\/p>\n<\/div>\n<p><!-- \/wp:group --><!-- wp:group {\"align\":\"full\",\"style\":{\"spacing\":{\"padding\":{\"bottom\":\"0px\",\"top\":\"144px\"}}},\"layout\":{\"inherit\":false,\"contentSize\":\"1200px\",\"type\":\"constrained\"}} --><\/p>\n<div id=\"services\" class=\"wp-block-group alignfull\" style=\"padding-top: 144px; padding-bottom: 0px;\">\n<p><!-- wp:heading --><\/p>\n<h2 class=\"wp-block-heading\">Nuestros servicios<\/h2>\n<p><!-- \/wp:heading --><!-- wp:columns {\"style\":{\"spacing\":{\"margin\":{\"top\":\"50px\"}}}} --><\/p>\n<div class=\"wp-block-columns\" style=\"margin-top: 50px;\">\n<p><!-- wp:column {\"style\":{\"spacing\":{\"blockGap\":\"8px\"}}} --><\/p>\n<div class=\"wp-block-column\">\n<p><!-- wp:image {\"id\":230,\"sizeSlug\":\"full\",\"linkDestination\":\"none\"} --><\/p>\n<figure class=\"wp-block-image size-full\"><img decoding=\"async\" class=\"wp-image-230\" src=\"https:\/\/seleneviajesybuceo.com\/wp-content\/themes\/astra\/inc\/assets\/images\/starter-content\/branding.jpg\" alt=\"\"><\/figure>\n<p><!-- \/wp:image --><!-- wp:heading {\"level\":3,\"style\":{\"spacing\":{\"margin\":{\"top\":\"16px\"}}}} --><\/p>\n<h3 class=\"wp-block-heading\" style=\"margin-top: 16px;\">Pasad\u00edas en Isla Grande<\/h3>\n<p><!-- \/wp:heading --><!-- wp:paragraph --><\/p>\n<p>Disfruta un d\u00eda completo en Islas del Rosario con playa, almuerzo y actividades \u00fanicas en el Caribe.<\/p>\n<p><!-- \/wp:paragraph --><\/p>\n<\/div>\n<p><!-- \/wp:column --><!-- wp:column {\"style\":{\"spacing\":{\"blockGap\":\"8px\"}}} --><\/p>\n<div class=\"wp-block-column\">\n<p><!-- wp:image {\"id\":232,\"sizeSlug\":\"full\",\"linkDestination\":\"none\"} --><\/p>\n<figure class=\"wp-block-image size-full\"><img decoding=\"async\" class=\"wp-image-232\" src=\"https:\/\/seleneviajesybuceo.com\/wp-content\/themes\/astra\/inc\/assets\/images\/starter-content\/graphic.jpg\" alt=\"\"><\/figure>\n<p><!-- \/wp:image --><!-- wp:heading {\"level\":3,\"style\":{\"spacing\":{\"margin\":{\"top\":\"16px\"}}}} --><\/p>\n<h3 class=\"wp-block-heading\" style=\"margin-top: 16px;\">Pasad\u00edas con Buceo<\/h3>\n<p><!-- \/wp:heading --><!-- wp:paragraph --><\/p>\n<p>Vive la experiencia de explorar los arrecifes de coral y combinar tu pasad\u00eda con inmersiones guiadas.<\/p>\n<p><!-- \/wp:paragraph --><\/p>\n<\/div>\n<p><!-- \/wp:column --><!-- wp:column {\"style\":{\"spacing\":{\"blockGap\":\"8px\"}}} --><\/p>\n<div class=\"wp-block-column\">\n<p><!-- wp:image {\"id\":231,\"sizeSlug\":\"full\",\"linkDestination\":\"none\"} --><\/p>\n<figure class=\"wp-block-image size-full\"><img decoding=\"async\" class=\"wp-image-231\" src=\"https:\/\/seleneviajesybuceo.com\/wp-content\/themes\/astra\/inc\/assets\/images\/starter-content\/web.jpg\" alt=\"\"><\/figure>\n<p><!-- \/wp:image --><!-- wp:heading {\"level\":3,\"style\":{\"spacing\":{\"margin\":{\"top\":\"16px\"}}}} --><\/p>\n<h3 class=\"wp-block-heading\" style=\"margin-top: 16px;\">Buceo<\/h3>\n<p><!-- \/wp:heading --><!-- wp:paragraph --><\/p>\n<p>Cursos, salidas y experiencias de buceo para todos los niveles, desde principiantes hasta avanzados.<\/p>\n<p><!-- \/wp:paragraph --><\/p>\n<\/div>\n<p><!-- \/wp:column --><\/p>\n<\/div>\n<p><!-- \/wp:columns --><\/p>\n<\/div>\n<p><!-- \/wp:group --><!-- wp:group {\"align\":\"full\",\"style\":{\"spacing\":{\"padding\":{\"top\":\"143px\",\"bottom\":\"144px\"}}},\"backgroundColor\":\"ast-global-color-5\",\"layout\":{\"inherit\":false,\"contentSize\":\"1200px\",\"type\":\"constrained\"}} --><\/p>\n<div id=\"about\" class=\"wp-block-group alignfull has-ast-global-color-5-background-color has-background\" style=\"padding-top: 143px; padding-bottom: 144px;\">\n<p><!-- wp:media-text {\"align\":\"\",\"mediaPosition\":\"right\",\"mediaId\":237,\"mediaLink\":\"\",\"mediaType\":\"image\",\"verticalAlignment\":\"center\"} --><\/p>\n<div class=\"wp-block-media-text has-media-on-the-right is-stacked-on-mobile is-vertically-aligned-center\">\n<div class=\"wp-block-media-text__content\">\n<p><!-- wp:group {\"style\":{\"spacing\":{\"padding\":{\"right\":\"80px\"}}},\"layout\":{\"inherit\":true,\"type\":\"constrained\"}} --><\/p>\n<div class=\"wp-block-group\" style=\"padding-right: 80px;\">\n<p><!-- wp:heading {\"style\":{\"spacing\":{\"padding\":{\"right\":\"40px\"}}}} --><\/p>\n<h2 class=\"wp-block-heading\" style=\"padding-right: 40px;\">Vive la magia de islas del Rosario&nbsp;<\/h2>\n<p><!-- \/wp:heading --><!-- wp:paragraph --><\/p>\n<p>En Selene Viajes &amp; Buceo te llevamos a descubrir las aguas cristalinas de Isla Grande con experiencia \u00fanicas:<\/p>\n<p><!-- \/wp:paragraph --><!-- wp:paragraph --><\/p>\n<p>Pasad\u00edas inolvidables en las Islas.<\/p>\n<p>Aventuras de buceo para principiantes y expertos.<\/p>\n<p>Snorkel, recorridos en lancha, planes con hospedaje y mucho m\u00e1s.<\/p>\n<p><!-- \/wp:paragraph --><\/p>\n<\/div>\n<p><!-- \/wp:group --><\/p>\n<\/div>\n<figure class=\"wp-block-media-text__media\"><img decoding=\"async\" class=\"wp-image-237 size-full\" src=\"https:\/\/seleneviajesybuceo.com\/wp-content\/themes\/astra\/inc\/assets\/images\/starter-content\/about-us.jpg\" alt=\"\"><\/figure>\n<\/div>\n<p><!-- \/wp:media-text --><\/p>\n<\/div>\n<p><!-- \/wp:group --><!-- wp:group {\"align\":\"full\",\"backgroundColor\":\"ast-global-color-4\",\"layout\":{\"inherit\":false,\"contentSize\":\"800px\",\"type\":\"constrained\"}} --><\/p>\n<div id=\"reviews\" class=\"wp-block-group alignfull has-ast-global-color-4-background-color has-background\">\n<p><!-- wp:image {\"id\":235,\"sizeSlug\":\"full\",\"linkDestination\":\"none\",\"align\":\"center\"} --><\/p>\n<figure class=\"wp-block-image aligncenter size-full\"><img decoding=\"async\" class=\"wp-image-235\" src=\"https:\/\/seleneviajesybuceo.com\/wp-content\/themes\/astra\/inc\/assets\/images\/starter-content\/avatar.png\" alt=\"\"><\/figure>\n<p><!-- \/wp:image --><!-- wp:paragraph {\"align\":\"center\",\"style\":{\"typography\":{\"fontSize\":\"22px\",\"lineHeight\":1.600000000000000088817841970012523233890533447265625}}} --><\/p>\n<p class=\"has-text-align-center\" style=\"font-size: 22px; line-height: 1.6;\">\u201cNuestro compromiso es que cada aventura sea \u00fanica, segura y llena de magia marina.\u201d<\/p>\n<p><!-- \/wp:paragraph --><!-- wp:paragraph {\"align\":\"center\"} --><\/p>\n<p class=\"has-text-align-center\"><b>Selene Viajes &amp; Buceo<\/b><\/p>\n<p><!-- \/wp:paragraph --><\/p>\n<\/div>\n<p><!-- \/wp:group --><!-- wp:group {\"align\":\"full\",\"style\":{\"spacing\":{\"padding\":{\"top\":\"144px\",\"bottom\":\"144px\"}}},\"layout\":{\"inherit\":false,\"contentSize\":\"1200px\",\"type\":\"constrained\"}} --><\/p>\n<div id=\"whyus\" class=\"wp-block-group alignfull\" style=\"padding-top: 144px; padding-bottom: 144px;\">\n<p><!-- wp:heading --><\/p>\n<h2 class=\"wp-block-heading\">\u00bfPor qu\u00e9 elegirnos?<\/h2>\n<p><!-- \/wp:heading --><!-- wp:columns {\"style\":{\"spacing\":{\"blockGap\":\"80px\",\"margin\":{\"top\":\"60px\"}}}} --><\/p>\n<div class=\"wp-block-columns\" style=\"margin-top: 60px;\">\n<p><!-- wp:column {\"style\":{\"spacing\":{\"blockGap\":\"8px\"}}} --><\/p>\n<div class=\"wp-block-column\">\n<p><!-- wp:image {\"id\":162,\"sizeSlug\":\"large\",\"linkDestination\":\"none\"} --><\/p>\n<figure class=\"wp-block-image size-large\"><img decoding=\"async\" class=\"wp-image-162\" src=\"https:\/\/seleneviajesybuceo.com\/wp-content\/themes\/astra\/inc\/assets\/images\/starter-content\/passionate.svg\" alt=\"\"><\/figure>\n<p><!-- \/wp:image --><!-- wp:heading {\"level\":3,\"style\":{\"spacing\":{\"margin\":{\"top\":\"16px\"}}}} --><\/p>\n<h3 class=\"wp-block-heading\" style=\"margin-top: 16px;\">Experiencias aut\u00e9nticas<\/h3>\n<p><!-- \/wp:heading --><!-- wp:paragraph --><\/p>\n<p>Vive pasadias y buceo en Islas Grande\/ Islas del Rosario dise\u00f1adas para que conectes de verdad con el mar y la naturaleza.<\/p>\n<p><!-- \/wp:paragraph --><\/p>\n<\/div>\n<p><!-- \/wp:column --><!-- wp:column {\"style\":{\"spacing\":{\"blockGap\":\"8px\"}}} --><\/p>\n<div class=\"wp-block-column\">\n<p><!-- wp:image {\"id\":163,\"sizeSlug\":\"large\",\"linkDestination\":\"none\"} --><\/p>\n<figure class=\"wp-block-image size-large\"><img decoding=\"async\" class=\"wp-image-163\" src=\"https:\/\/seleneviajesybuceo.com\/wp-content\/themes\/astra\/inc\/assets\/images\/starter-content\/professional.svg\" alt=\"\"><\/figure>\n<p><!-- \/wp:image --><!-- wp:heading {\"level\":3,\"style\":{\"spacing\":{\"margin\":{\"top\":\"16px\"}}}} --><\/p>\n<h3 class=\"wp-block-heading\" style=\"margin-top: 16px;\">Guias expertos y apasionados<\/h3>\n<p><!-- \/wp:heading --><!-- wp:paragraph --><\/p>\n<p>Nuestro equipo de instructores certificados cuida de ti en cada inmersi\u00f3n, tanto si es tu primera vez como si eres avanzado.<\/p>\n<p><!-- \/wp:paragraph --><\/p>\n<\/div>\n<p><!-- \/wp:column --><!-- wp:column {\"style\":{\"spacing\":{\"blockGap\":\"8px\"}}} --><\/p>\n<div class=\"wp-block-column\">\n<p><!-- wp:image {\"id\":164,\"sizeSlug\":\"large\",\"linkDestination\":\"none\"} --><\/p>\n<figure class=\"wp-block-image size-large\"><img decoding=\"async\" class=\"wp-image-164\" src=\"https:\/\/seleneviajesybuceo.com\/wp-content\/themes\/astra\/inc\/assets\/images\/starter-content\/support.svg\" alt=\"\"><\/figure>\n<p><!-- \/wp:image --><!-- wp:heading {\"level\":3,\"style\":{\"spacing\":{\"margin\":{\"top\":\"16px\"}}}} --><\/p>\n<h3 class=\"wp-block-heading\" style=\"margin-top: 16px;\">Comodidad y seguridad<\/h3>\n<p><!-- \/wp:heading --><!-- wp:paragraph --><\/p>\n<p>Lanchas (botes) equipos adecuados y protocolos que te garantizan tranquilidad en tu aventura.<\/p>\n<p><!-- \/wp:paragraph --><\/p>\n<\/div>\n<p><!-- \/wp:column --><\/p>\n<\/div>\n<p><!-- \/wp:columns --><\/p>\n<\/div>\n<p><!-- \/wp:group --><!-- wp:group {\"align\":\"full\",\"style\":{\"color\":{\"gradient\":\"linear-gradient(35deg,rgb(6,0,151) 0%,rgb(130,4,255) 64%,rgb(193,15,255) 98%)\"},\"spacing\":{\"padding\":{\"top\":\"104px\",\"bottom\":\"104px\"}}},\"layout\":{\"inherit\":false,\"contentSize\":\"520px\",\"type\":\"constrained\"}} --><\/p>\n<div id=\"contact\" class=\"wp-block-group alignfull has-background\" style=\"background: linear-gradient(35deg,#060097 0%,#8204ff 64%,#c10fff 98%); padding-top: 104px; padding-bottom: 104px;\">\n<p><!-- wp:heading {\"textAlign\":\"center\",\"style\":{\"color\":{\"text\":\"#ffffff\"}}} --><\/p>\n<h2 class=\"wp-block-heading has-text-align-center has-text-color\" style=\"color: #ffffff;\">Get a professional website today!<\/h2>\n<p><!-- \/wp:heading --><!-- wp:buttons {\"align\":\"wide\",\"style\":{\"spacing\":{\"margin\":{\"top\":\"50px\"}}},\"layout\":{\"type\":\"flex\",\"justifyContent\":\"center\",\"orientation\":\"horizontal\"}} --><\/p>\n<div class=\"wp-block-buttons alignwide\" style=\"margin-top: 50px;\">\n<p><!-- wp:button --><\/p>\n<div class=\"wp-block-button\"><a class=\"wp-block-button__link wp-element-button\">Make a Website<\/a><\/div>\n<p><!-- \/wp:button --><\/p>\n<\/div>\n<p><!-- \/wp:buttons --><\/p>\n<\/div>\n<p><!-- \/wp:group --><\/p>\t\t\t\t\t\t\t\t<\/div>\n\t\t\t\t\t<\/div>\n\t\t\t\t<\/div>\n\t\t<div class=\"elementor-element elementor-element-b7f1671 e-flex e-con-boxed e-con e-parent\" data-id=\"b7f1671\" data-element_type=\"container\" data-e-type=\"container\">\n\t\t\t\t\t<div class=\"e-con-inner\">\n\t\t\t\t\t<\/div>\n\t\t\t\t<\/div>\n\t\t\t\t<\/div>\n\t\t","protected":false},"excerpt":{"rendered":"<p>Selene Viajes &amp; Buceo Explora la magia de las Islas del Rosario Vive pasad\u00edas \u00fanicos en Isla Grande, aventuras de [&hellip;]<\/p>\n","protected":false},"author":1,"featured_media":0,"parent":0,"menu_order":0,"comment_status":"closed","ping_status":"closed","template":"","meta":{"site-sidebar-layout":"no-sidebar","site-content-layout":"plain-container","ast-site-content-layout":"default","site-content-style":"default","site-sidebar-style":"default","ast-global-header-display":"","ast-banner-title-visibility":"","ast-main-header-display":"","ast-hfb-above-header-display":"","ast-hfb-below-header-display":"","ast-hfb-mobile-header-display":"","site-post-title":"","ast-breadcrumbs-content":"","ast-featured-img":"","footer-sml-layout":"","theme-transparent-header-meta":"enabled","adv-header-id-meta":"","stick-header-meta":"","header-above-stick-meta":"","header-main-stick-meta":"","header-below-stick-meta":"","astra-migrate-meta-layouts":"default","ast-page-background-enabled":"default","ast-page-background-meta":{"desktop":{"background-color":"var(--ast-global-color-5)","background-image":"","background-repeat":"repeat","background-position":"center center","background-size":"auto","background-attachment":"scroll","background-type":"","background-media":"","overlay-type":"","overlay-color":"","overlay-opacity":"","overlay-gradient":""},"tablet":{"background-color":"","background-image":"","background-repeat":"repeat","background-position":"center center","background-size":"auto","background-attachment":"scroll","background-type":"","background-media":"","overlay-type":"","overlay-color":"","overlay-opacity":"","overlay-gradient":""},"mobile":{"background-color":"","background-image":"","background-repeat":"repeat","background-position":"center center","background-size":"auto","background-attachment":"scroll","background-type":"","background-media":"","overlay-type":"","overlay-color":"","overlay-opacity":"","overlay-gradient":""}},"ast-content-background-meta":{"desktop":{"background-color":"var(--ast-global-color-4)","background-image":"","background-repeat":"repeat","background-position":"center center","background-size":"auto","background-attachment":"scroll","background-type":"","background-media":"","overlay-type":"","overlay-color":"","overlay-opacity":"","overlay-gradient":""},"tablet":{"background-color":"var(--ast-global-color-4)","background-image":"","background-repeat":"repeat","background-position":"center center","background-size":"auto","background-attachment":"scroll","background-type":"","background-media":"","overlay-type":"","overlay-color":"","overlay-opacity":"","overlay-gradient":""},"mobile":{"background-color":"var(--ast-global-color-4)","background-image":"","background-repeat":"repeat","background-position":"center center","background-size":"auto","background-attachment":"scroll","background-type":"","background-media":"","overlay-type":"","overlay-color":"","overlay-opacity":"","overlay-gradient":""}},"footnotes":""},"class_list":["post-21","page","type-page","status-publish","hentry"],"_links":{"self":[{"href":"https:\/\/seleneviajesybuceo.com\/index.php?rest_route=\/wp\/v2\/pages\/21","targetHints":{"allow":["GET"]}}],"collection":[{"href":"https:\/\/seleneviajesybuceo.com\/index.php?rest_route=\/wp\/v2\/pages"}],"about":[{"href":"https:\/\/seleneviajesybuceo.com\/index.php?rest_route=\/wp\/v2\/types\/page"}],"author":[{"embeddable":true,"href":"https:\/\/seleneviajesybuceo.com\/index.php?rest_route=\/wp\/v2\/users\/1"}],"replies":[{"embeddable":true,"href":"https:\/\/seleneviajesybuceo.com\/index.php?rest_route=%2Fwp%2Fv2%2Fcomments&post=21"}],"version-history":[{"count":3,"href":"https:\/\/seleneviajesybuceo.com\/index.php?rest_route=\/wp\/v2\/pages\/21\/revisions"}],"predecessor-version":[{"id":46,"href":"https:\/\/seleneviajesybuceo.com\/index.php?rest_route=\/wp\/v2\/pages\/21\/revisions\/46"}],"wp:attachment":[{"href":"https:\/\/seleneviajesybuceo.com\/index.php?rest_route=%2Fwp%2Fv2%2Fmedia&parent=21"}],"curies":[{"name":"wp","href":"https:\/\/api.w.org\/{rel}","templated":true}]}}